d derivative of -h**6/120 - h**5/15 + h**4/24 + 5*h**3/6 + 2*h**2. What is k(t)?
1
Let o(n) = n + 7. Let s = 66 + -59. Calculate o(s).
14
Let m(r) = 5*r**2 - 7*r + 4. Let s(y) be the first derivative of -3*y**3 + 13*y**2/2 - 7*y - 1. Let d(t) = 11*m(t) + 6*s(t). Calculate d(-2).
4
Let z be 8 + -3 - 11/((-33)/(-9)). Let s(n) be the second derivative of -6*n - 3/2*n**z + 1/6*n**3 + 0. Give s(5).
2
Let h be (-1)/(2/(-11)*(-2)/(-12)). Let u(l) = -5*l - 28*l**2 - 2*l + h*l**2 - l**3 + 2*l. Determine u(4).
-4
Let f(h) = 14*h**2 - 17*h - 3. Let w be (-2)/5 + 276/15. Let c be 48/18*w/(-8). Let n(a) = 5*a**2 - 6*a - 1. Let b(r) = c*f(r) + 17*n(r). What is b(0)?
1
Let n(x) = -x**3 - 3*x**2 + 3*x + 3. Suppose 6*q = 11*q - 10. Let g be (-1)/((-5)/15)*(1 - q). Calculate n(g).
-6
Let d(c) be the third derivative of c**6/60 - c**5/30 - c**4/6 - c**3/2 + 2*c**2 + 148. Give d(-1).
-3
Let z(s) be the first derivative of 2*s - 2*s**3 + 1/4*s**4 - 18 - 4*s**2. Give z(7).
-5
Let p(n) = -2*n**2 + 4*n + 10. Let c(a) be the first derivative of -a**3/3 + 3*a**2/2 + 11*a + 2. Let l(b) = -3*c(b) + 2*p(b). Determine l(0).
-13
Let r(y) = 12*y + 11. Let h be r(2). Suppose 0 = -5*o - 0*o + h. Let n(z) = -z**3 + 6*z**2 + 4*z + 10. Determine n(o).
-11
Let l be (-108)/(-132) - (-4)/22. Let k be (-10)/(-3) + l/(-3). Let w(p) = -p**3 + 3*p**2 - 5*p + 3. Determine w(k).
-12
Let i be (-4)/(-2)*(-8 + 1). Let m be (-74)/i + 264/(-42) + 6. Let g(p) = -p**3 + 6*p**2 - 7*p + 1. Calculate g(m).
-9
Let d(w) = -w**2 - 17*w + 25. Let i(n) = -3*n**2 + 20*n + 70. Let o be i(-3). Give d(o).
25
Let i = 6 + -10. Let j(q) = q**3 + 5*q**2 + 6*q + 3. Let k be j(i). Let g(v) = 2*v + 0 - v - 2*v - 1. Determine g(k).
4
Let z = -50 - -50. Suppose z*o + o - 3*u = -15, -3*o - u = 5. Let t(f) = -2*f - 4. Calculate t(o).
2
Let r(y) = 2*y**2 - 4*y - 3. Let w be r(-2). Suppose 11 = m + 3*g, -4*m + w - 2 = g. Let h(f) = -f**3 + f + 2. Give h(m).
-4
Let q(c) be the second derivative of -c**6/360 + c**5/60 - c**4/4 - 15*c. Let z(h) be the third derivative of q(h). What is z(4)?
-6
Let y(r) = -32*r**3 + 75*r**3 + r**2 - 45*r**3 + 2 - 2*r. Give y(2).
-14
Let z be -3 + (-3)/3 + 0. Let r be (0 - (4 - 5))*z. Let a(n) = n**2 + 5*n - 3. Calculate a(r).
-7
Let y(n) = -n - 6. Suppose 2*s = -s - 51. Let h = s - -14. Calculate y(h).
-3
Let p(c) = -15*c**3 - 5*c**2 - c + 25. Let y(u) = 14*u**3 + 4*u**2 + u - 21. Let o(i) = 5*p(i) + 6*y(i). Calculate o(1).
8
Let h be (-76)/(-18) - 4/18. Suppose -5*v + 5 = -5*o, 7*o + 2 = 3*v + 3*o. Let j(f) = 5*f - 2*f + 1 + 0*f**2 - f**3 - 5*f + 4*f**v. Give j(h).
-7
Let b(x) = -x**2 + 7*x - 6. Suppose 0 = -5*w - 3*c - 37, -c + 4 - 3 = 0. Let n(s) = -s**3 - 8*s**2 - s - 1. Let j be n(w). Give b(j).
-6
Let h be 2/(-3) + 448/(-21). Let l be (-22)/(-121) - 634/h. Suppose -l = -4*v - 9. Let j(i) = -i**2 + 6*i - 7. What is j(v)?
-2
Let v(w) = -2*w + 0*w + 3*w + 7*w**2 - 4*w**2. Let p be (-8)/(-5) + 32/80. Let z = 3 - p. Give v(z).
4
Let z(k) = 9*k + 33. Let m be z(-4). Let d(w) = w**3 - w**2 + w - 1. What is d(m)?
-40
Let s(a) = a**3 + 5*a**2 - a - 4. Let u be 128/7 + (-2)/7. Suppose -3*i - u = -3*w, -2*w - 23 = 5*i - 0*i. Determine s(i).
1
Let p(v) = -5*v**3 + 17*v**2 + 15*v - 7. Let m(d) = -2*d**3 + 8*d**2 + 7*d - 3. Let c(i) = 7*m(i) - 3*p(i). Let k(g) = -81*g + 402. Let f be k(5). Give c(f).
6
Let x(w) = 18*w**3 - w. Let l(q) = q**3 + 5*q**2 + 3*q + 14. Let o = -120 + 115. Let v be l(o). What is x(v)?
-17
Suppose -4*v + 152 = -0*v. Let h = -41 + v. Let i(k) = -3*k - 2. Give i(h).
7
Suppose -4*c = 5*m - 126, c + 51 = 2*m + 2*c. Let y = m - 18. Let g(u) = -y - 11*u - 8 + 15. Calculate g(-1).
10
Suppose 3 = l, -3*v + 2*l - 17 = 7. Let m(g) be the first derivative of g**2/2 + 6*g + 1. Give m(v).
0
Suppose 4*n + 11 = -5*j, -3*j = n + 1 + 7. Let s be (-3)/(1 + (-4)/2). Let r(g) = s + g + 0 - 4. Calculate r(n).
0
Let y(k) = -k**3 + 5*k**2 - 4*k - 2. Let o(r) = r + 34. Let z be o(-16). Let p be z/81 + (-34)/(-9). Suppose 9*w = 8*w + p. What is y(w)?
-2
Let z(v) be the second derivative of -7*v**4/12 + 2*v**3/3 - 3*v**2/2 - 43*v + 3. Calculate z(1).
-6
Let f(v) = 4*v - 25. Let n be 3 + (2 - (-10 + (-3 - -7))). Give f(n).
19
Let h(s) = 4*s**2 - 16*s - 14. Let r(i) = -5*i**2 + 17*i + 14. Let c(v) = -4*h(v) - 3*r(v). Determine c(10).
44
Suppose 24*u = 28*u + 8. Let x(k) be the second derivative of -3*k - 1/20*k**5 + 0*k**2 + 0 - 1/4*k**4 + 1/6*k**3. What is x(u)?
-6
Let v(t) = 3*t + 2. Let l(p) be the first derivative of -p**2 - 2*p - 12. Let x(u) = -4*l(u) - 3*v(u). Determine x(5).
-3
Let v(i) be the first derivative of 5*i**3/3 + 9*i - 11. Let j(a) be the first derivative of v(a). What is j(-1)?
-10
Let l(a) = -a**2 - 5 + a**2 - a - 3*a**2 + 6*a - a**3 + 6*a**2. Calculate l(4).
-1
Let d(f) = f**3 - 7*f**2 + 6*f - 5. Suppose -20 = -5*j + 5*b, -j + 9*b = 6*b. Calculate d(j).
-5
Let u(w) = -w**2 - w + 5. Let g = 179 - 184. Give u(g).
-15
Let x be (-9 - (-22)/4)*(-2)/(-1). Let l(y) = 3*y**2 + 5*y + 6 - y**3 + 4*y - 10*y**2 + y**2. Calculate l(x).
-8
Let i(f) = -5*f**3 + 2*f**2 + f. Suppose 0 = 88*c + 6*c + 1692. Let n = 23 - 6. Let o = n + c. What is i(o)?
6
Suppose 2*s + 3 + 3 = 0. Let q(n) be the first derivative of -n**3/3 - 5*n**2/2 - 3*n - 8. Give q(s).
3
Let a(f) = f**3 - 10*f**2 + 8*f + 15. Suppose 4*s - 1400 + 1364 = 0. Determine a(s).
6
Let b(n) = -23*n + 11 - 13 - 6*n**2 + 20*n. Give b(-1).
-5
Let b(a) = -2*a. Suppose -4*n = 21 + 27. Let c be n/16*-4 + 0. Suppose 0 = 4*h, 3*h = -0*t - c*t + 3. What is b(t)?
-2
Suppose 3*u - 1 = -j + 7, 3*u - 2*j - 20 = 0. Let h(d) be the first derivative of -d**4/4 + d**3 + 5*d**2/2 - 2*d + 43. What is h(u)?
2
Let j(v) = 3*v + 9. Let q(o) = -7*o - 19. Let d(l) = 9*j(l) + 4*q(l). Let g be (5 - (4 + 2 + -5)) + 3. Calculate d(g).
-2
Let w(t) = -t - 2. Let j(k) = 4*k + 2 - k**2 - 2 - k**2. Let s be j(3). Let r be (3/s)/((-4)/(-40)). Give w(r).
3
Let c be (4/48)/(4/40). Let u(n) be the third derivative of 0 + 0*n - 5*n**2 - c*n**3 + 1/24*n**4. What is u(5)?
0
Let j(m) = -m**3 + 5*m**2 - 4*m - 1. Let v(s) = s**3 - 9*s**2 + 4*s - 5. Let g(y) = y**2 - y. Let l(x) = 6*g(x) + v(x). Let b be l(4). Determine j(b).
5
Suppose 169 = 62*l + 45. Let d(s) be the third derivative of 1/6*s**3 + 1/12*s**5 - 1/120*s**6 + 0*s - s**2 + 0 - 1/12*s**4. Calculate d(l).
9
Let a(l) be the second derivative of 3/10*l**5 + 33*l - 1/12*l**4 - 1/2*l**2 + 0 - 1/6*l**3. Give a(-1).
-7
Let a(t) = -5*t**3 + 6*t**2 + 5. Let v(n) = n**3 - n**2 + n - 1. Let d(g) = -a(g) - 4*v(g). Suppose y = 2*y - 10. Let h = -7 + y. What is d(h)?
-4
Suppose 3*m = -0*m - 3. Let c(s) = -2*s + 3*s + 1 - 6*s**3 - s**3 + 10*s**3. What is c(m)?
-3
Let c(o) = o**2 - 20*o + 42. Let j be c(17). Let s(n) be the second derivative of n**5/20 + 5*n**4/6 + 3*n**3/2 - 3*n**2 + 23*n. Determine s(j).
-6
Let b(n) = 4*n**3 - n. Let u be (0 - -1)/(-45 + 44). Determine b(u).
-3
Let d(u) = -u - 2. Let h = -37 + 95. Let j = h - 58. Determine d(j).
-2
Let h(x) = -x**2 - 15*x + 20. Suppose 5*p = -56 - 19. Calculate h(p).
20
Suppose 3*c = -3*r - 2*r + 22, 5*c = 20. Let h(x) = -r*x**2 + 2*x**2 + 1 - x**2 + 2*x. What is h(2)?
1
Let v(z) be the third derivative of z**8/6720 - z**7/280 + z**6/80 - z**5/24 + z**4/2 - 23*z**2. Let u(w) be the second derivative of v(w). Give u(8).
3
Let q be 3*1 - 46/(-23). Let p(t) = -t**3 + 6*t**2 - 4*t + 4. What is p(q)?
9
Let l(p) = p**3 - p**2 - 2*p - 1. Let a(i) = i - 4. Let u be 88/14 - 1/7*2. Let f be a(u). What is l(f)?
-1
Let b(u) = -5*u**2 - u - 1. Suppose 6*p + 63 = -15*p. Determine b(p).
-43
Suppose -x = 2*u + 8, -3*x = -2*u - 0*u + 16. Let r be (-27)/18 - (-9)/x. Let h(q) = q**3 + q**2 - 3*q + 4. Determine h(r).
-5
Let k(w) be the first derivative of w**2/2 + w - 22. Suppose 2*j + 5*g = -1, 0*g = -j - 4*g - 8. Let z be 2/3 - (-40)/j. What is k(z)?
5
Let u(x) = -x**3 + 6*x**2 - 3*x + 6. Let k(w) = 2*w**2 - 4*w + 3. Let y be k(5). Suppose 6*d - 2*d = 36. Suppose 4*i = y - d. Calculate u(i).
-12
Let c(g) be the second derivative of -5/12*g**4 - 37*g + 1/6*g**3 - 1/2*g**2 + 0. Calculate c(-2).
-23
Suppose -2*k - 5*f = 3*k + 45, 2*k = f - 12. Let b = k - -9. Let w(r) = r**2 - 2. Calculate w(b).
2
Let x(t) = -t - 14. Let d be x(-16). Suppose m + d*z - 3 = -10, z = -5. Suppose u = 3*q + 1, -m*u + 3 = q